52628?
True
Is 11 a factor of 91901?
False
Is 105 a factor of 3064949?
False
Does 502 divide 690113?
False
Does 11 divide 3459962?
True
Is 483724 a multiple of 332?
True
Is 920920 a multiple of 253?
True
Is 14 a factor of 25103?
False
Does 3 divide 21054?
True
Does 20 divide 30400?
True
Is 217 a factor of 1153572?
True
Is 4022449 a multiple of 182?
False
Is 361 a factor of 299991?
True
Is 27 a factor of 497664?
True
Is 971347 a multiple of 233?
False
Does 640 divide 23992320?
True
Does 22 divide 5305384?
False
Is 134658 a multiple of 18?
True
Is 441413 a multiple of 10?
False
Does 373 divide 931381?
True
Is 150 a factor of 267300?
True
Is 7609744 a multiple of 68?
True
Does 4 divide 381259?
False
Is 5242 even?
True
Is 27 a factor of 4017777?
False
Is 261 a factor of 17730513?
True
Does 187 divide 285717?
False
Is 42 a factor of 2727732?
True
Is 140 a factor of 1534087?
False
Is 2765400 a multiple of 838?
True
Is 1278669 a multiple of 5?
False
Does 83 divide 299962?
True
Is 617261 a multiple of 295?
False
Is 2019777 a multiple of 159?
True
Is 2549316 a multiple of 1364?
True
Is 161 a factor of 102834?
False
Is 18 a factor of 536634?
True
Is 21 a factor of 1186815?
True
Is 66 a factor of 291456?
True
Is 7819432 a multiple of 118?
False
Is 46911 a multiple of 112?
False
Is 18357 a multiple of 278?
False
Does 115 divide 109365?
True
Does 277 divide 394448?
True
Is 27 a factor of 306011?
False
Is 7822685 a multiple of 28?
False
Does 224 divide 1499455?
False
Is 3 a factor of 684623?
False
Is 8176220 a multiple of 767?
True
Is 140709 a multiple of 80?
False
Is 7998720 a multiple of 960?
True
Does 120 divide 148200?
True
Is 1262660 a multiple of 35?
True
Is 1138 a factor of 8046798?
True
Is 18 a factor of 121203?
False
Is 1462593 a multiple of 69?
True
Is 397871 a multiple of 187?
False
Does 566 divide 3638814?
True
Does 242 divide 333960?
True
Is 3 a factor of 61734?
True
Is 1616 a factor of 12834272?
True
Is 6 a factor of 365907?
False
Does 56 divide 3037334?
False
Does 386 divide 200680?
False
Is 4 a factor of 8418220?
True
Is 20 a factor of 4912440?
True
Does 34 divide 118182?
False
Is 26 a factor of 279162?
True
Does 74 divide 394237?
False
Is 1571961 a multiple of 50?
False
Is 640642 a multiple of 89?
False
Is 15935869 a multiple of 44?
False
Does 110 divide 1033670?
True
Is 4 a factor of 150562?
False
Is 23886694 a multiple of 13?
True
Does 16 divide 82063?
False
Is 387025 a multiple of 565?
True
Is 26940 a multiple of 60?
True
Is 99381 a multiple of 15?
False
Does 115 divide 91632?
False
Is 38 a factor of 2113453?
False
Does 62 divide 69750?
True
Does 11 divide 27301?
False
Does 224 divide 3185360?
False
Is 2883309 a multiple of 33?
True
Does 628 divide 962724?
True
Is 581360 a multiple of 338?
True
Is 14 a factor of 7314640?
False
Is 19980781 a multiple of 47?
True
Is 413400 a multiple of 104?
True
Is 197064 a multiple of 9?
True
Does 63 divide 69741?
True
Is 15607780 a multiple of 658?
False
Does 29 divide 1166779?
False
Is 13 a factor of 1114074?
True
Is 4804962 a multiple of 23?
False
Is 3 a factor of 971217?
True
Does 1501 divide 16589717?
False
Does 9 divide 347158?
False
Is 385392 a multiple of 124?
True
Is 146 a factor of 3650?
True
Does 4 divide 8196?
True
Is 15426 a multiple of 2?
True
Is 11 a factor of 826001?
True
Does 7 divide 1011479?
True
Is 523 a factor of 1593058?
True
Does 712 divide 2779648?
True
Is 51 a factor of 18905598?
True
Is 5 a factor of 528447?
False
Is 21 a factor of 190659?
True
Does 735 divide 2915745?
True
Does 3 divide 15952?
False
Does 7 divide 777058?
False
Does 26 divide 95654?
True
Does 15 divide 157405?
False
Is 7 a factor of 1486002?
True
Is 3 a factor of 37746?
True
Is 478317 a multiple of 662?
False
Is 36 a factor of 159555?
False
Is 86 a factor of 2181132?
True
Is 187 a factor of 788018?
True
Does 14 divide 714?
True
Does 487 divide 532291?
True
Is 266 a factor of 1262702?
True
Is 48 a factor of 22738?
False
Does 308 divide 31675780?
False
Is 7392312 a multiple of 498?
True
Is 125 a factor of 1614000?
True
Does 145 divide 980780?
True
Does 19 divide 6672401?
True
Does 723 divide 410664?
True
Is 33 a factor of 56661?
True
Is 9906192 a multiple of 48?
True
Does 65 divide 2363886?
False
Is 7043355 a multiple of 1023?
True
Does 27 divide 3626046?
True
Is 36 a factor of 1896048?
True
Is 37 a factor of 1552187?
True
Does 399 divide 67830?
True
Is 15483013 a multiple of 203?
True
Is 160 a factor of 2001280?
True
Is 20 a factor of 48684?
False
Is 8296886 a multiple of 13?
True
Is 191510 a multiple of 10?
True
Does 16 divide 303158?
False
Is 1329767 a multiple of 278?
False
Is 195813 a multiple of 170?
False
Does 78 divide 685709?
False
Is 2045984 a multiple of 82?
False
Is 197 a factor of 4766526?
False
Is 2 a factor of 28909?
False
Does 34 divide 3424424?
False
Is 218 a factor of 8644281?
False
Is 52 a factor of 74465?
False
Does 520 divide 752888?
False
Is 184366 a multiple of 182?
True
Does 365 divide 18679970?
True
Is 60635 a multiple of 273?
False
Does 308 divide 240571?
False
Is 80 a factor of 103231?
False
Does 531 divide 529883?
False
Does 110 divide 165973?
False
Does 62 divide 50895?
False
Is 134 a factor of 3884?
False
Is 139264 a multiple of 2?
True
Does 27 divide 7190310?
False
Is 10345945 a multiple of 267?
False
Is 10943080 a multiple of 54?
False
Does 1143 divide 208174?
False
Does 22 divide 900152?
True
Is 1220994 a multiple of 34?
False
Is 21013536 a multiple of 308?
False
Does 132 divide 331584?
True
Is 7055640 a multiple of 1692?
True
Does 16 divide 11786?
False
Is 1548286 a multiple of 516?
False
Does 273 divide 544089?
True
Is 41 a factor of 217546?
True
Is 86 a factor of 17888?
True
Does 37 divide 478225?
True
Is 24 a factor of 514176?
True
Is 680356 a multiple of 442?
False
Does 375 divide 174000?
True
Is 32 a factor of 1928391?
False
Is 1159 a factor of 7984351?
True
Is 13 a factor of 167674?
True
Is 411614 a multiple of 9?
False
Is 2202 a factor of 22672825?
False
Does 19 divide 412889?
True
Does 131 divide 3267533?
True
Is 169 a factor of 1129032?
False
Does 114 divide 161669?
False
Is 229 a factor of 2544994?
False
Is 606 a factor of 230280?
True
Is 71592 a multiple of 3?
True
Does 1893 divide 15403341?
True
Does 127 divide 3357312?
False
Is 96670 a multiple of 85?
False
Does 343 divide 75123?
False
Does 43 divide 1226575?
True
Does 81 divide 719766?
True
Does 179 divide 2134157?
False
Is 1356733 a multiple of 445?
False
Does 313 divide 475447?
True
Does 148 divide 1090225?
False
Is 12 a factor of 288871?
False
Does 12 divide 805824?
True
Is 27 a factor of 19278?
True
Is 2416946 a multiple of 31?
True
Does 457 divide 92281?
False
Is 580392 a multiple of 12?
True
Is 2 a factor of 245754?
True
Does 13 divide 41626?
True
Is 75 a factor of 14775?
True
Is 35 a factor of 624262?
False
Does 6 divide 74593?
False
Does 103 divide 3800494?
True
Does 319 divide 184542?
False
Is 324 a factor of 335796?
False
Does 21 divide 244923?
True
Is 458190 a multiple of 135?
True
Does 316 divide 857308?
True
Does 45 divide 4983210?
True
Is 3082454 a multiple of 83?
True
Does 21 divide 772550?
False
Is 22 a factor of 186419?
False
Does 74 divide 2014132?
True
Does 57 divide 1572870?
False
Is 375150 a multiple of 53?
False
Does 379 divide 115768?
False
Is 288142 a multiple of 27?
False
Is 673100 a multiple of 127?
True
Is 26 a factor of 1304082?
True
Does 62 divide 674808?
True
Is 13253 a multiple of 20?
False
Is 10 a factor of 1640?
True
Does 259 divide 115582?
False
Does 12 divide 2233781?
False
Is 42 a factor of 217404?
False
Is 47222 a multiple of 41?
False
Is 47 a factor of 1057196?
False
Is 92 a factor of 882138?
False
Is 29 a factor of 1733580?
False
Is 11 a factor of 1143395?
True
Is 57 a factor of 65048?
False
Is 183920 a multiple of 20?
True
Is 130 a factor of 152230?
True
Is 789864 a multiple of 3?
True
Is 4886449 a multiple of 278?
False
Is 7438260 a multiple of 20?
True
Is 1421499 a multiple of 3?
True
Is 88 a factor of 98048?
False
Is 208 a factor of 479768?
False
Is 1411 a factor of 4805391?
False
Does 151 divide 829292?
True
Is 19 a factor of 201533?
True
Is 2887740 a multiple of 1220?
True
Is 255 a factor of 898061?
False
Is 29 a factor of 112566?
False
Does 4 divide 117853?
False
Is 